{"id":446,"date":"2024-01-08T17:11:40","date_gmt":"2024-01-08T16:11:40","guid":{"rendered":"https:\/\/www.parlons-psychologie.com\/accueil\/?page_id=446"},"modified":"2024-04-20T20:54:32","modified_gmt":"2024-04-20T18:54:32","slug":"parlons-sante-mentale","status":"publish","type":"page","link":"https:\/\/www.parlons-psychologie.com\/accueil\/parlons-sante-mentale\/","title":{"rendered":"Parlons sant\u00e9 mentale"},"content":{"rendered":"<p>Je pensais, en cr\u00e9ant ce site Internet que le terme de \u00ab psychologie \u00bb englobait suffisamment d\u2019\u00e9l\u00e9ments pour y int\u00e9grer tous les sujets individuels ou de soci\u00e9t\u00e9 importants.<br \/>Mais les \u00e9volutions actuelles invitent \u00e0 distinguer la sant\u00e9 mentale de la psychologie.<br \/>Et, au regard des situations personnelles douloureuses qui se partagent, il \u00e9tait temps pour moi aussi de faire progresser mon travail et mes interventions vers des sujets aussi passionnants que complexes.<\/p>\n<h3><span style=\"color: #0000ff;\"><strong><img loading=\"lazy\" class=\" wp-image-447 alignleft\" src=\"https:\/\/www.parlons-psychologie.com\/wp-content\/uploads\/2024\/01\/Parlons-sante-mentale-1-300x225.jpeg\" alt=\"\" width=\"264\" height=\"198\" srcset=\"https:\/\/www.parlons-psychologie.com\/wp-content\/uploads\/2024\/01\/Parlons-sante-mentale-1-300x225.jpeg 300w, https:\/\/www.parlons-psychologie.com\/wp-content\/uploads\/2024\/01\/Parlons-sante-mentale-1.jpeg 728w\" sizes=\"(max-width: 264px) 100vw, 264px\" \/>Qu\u2019appelle t\u2019on sant\u00e9 mentale ?<\/strong><\/span><\/h3>\n<p><a href=\"https:\/\/www.who.int\/fr\/\"><strong>Selon l\u2019Organisation mondiale de la sant\u00e9<\/strong><\/a>,<strong> la sant\u00e9 est un \u00e9tat de complet bien-\u00eatre physique, mental et social, et ne consiste pas seulement en une absence de maladie ou d\u2019infirmit\u00e9.<\/strong><br \/>La <span style=\"color: #0000ff;\"><strong>sant\u00e9 mentale est une composante essentielle de la sant\u00e9<\/strong><\/span> et repr\u00e9sente bien plus que l\u2019absence de troubles ou de handicaps mentaux.<\/p>\n<p>Selon l\u2019OMS, <span style=\"color: #0000ff;\"><strong>la sant\u00e9 mentale est un \u00ab \u00e9tat de bien-\u00eatre qui permet \u00e0 chacun de r\u00e9aliser son potentiel, de faire face aux difficult\u00e9s normales de la vie, de travailler avec succ\u00e8s et de mani\u00e8re productive, et d\u2019\u00eatre en mesure d\u2019apporter une contribution \u00e0 la communaut\u00e9 \u00bb.<\/strong><\/span><\/p>\n<h3>On va consid\u00e9rer 3 dimensions de la sant\u00e9 mentale :<\/h3>\n<p>&#8211; <strong><span style=\"color: #0000ff;\">La sant\u00e9 mentale positive<\/span><\/strong><\/p>\n<p>qui recouvre le <strong>bien-\u00eatre, l&rsquo;\u00e9panouissement personnel, les ressources psychologiques et les capacit\u00e9s d\u2019agir de l\u2019individu dans ses r\u00f4les sociaux.<\/strong><\/p>\n<p>&#8211; <strong><span style=\"color: #0000ff;\">La d\u00e9tresse psychologique r\u00e9actionnelle<\/span><\/strong><\/p>\n<p>qui, comme son nom l\u2019indique, <strong>vient en r\u00e9action, apr\u00e8s un \u00e9v\u00e8nement d\u00e9clencheur<\/strong> (deuil, s\u00e9paration, traumatisme, choc etc.).<img loading=\"lazy\" class=\" wp-image-449 alignright\" src=\"https:\/\/www.parlons-psychologie.com\/wp-content\/uploads\/2024\/01\/sante-mentale-3-300x227.jpg\" alt=\"\" width=\"288\" height=\"218\" srcset=\"https:\/\/www.parlons-psychologie.com\/wp-content\/uploads\/2024\/01\/sante-mentale-3-300x227.jpg 300w, https:\/\/www.parlons-psychologie.com\/wp-content\/uploads\/2024\/01\/sante-mentale-3-768x580.jpg 768w, https:\/\/www.parlons-psychologie.com\/wp-content\/uploads\/2024\/01\/sante-mentale-3.jpg 1000w\" sizes=\"(max-width: 288px) 100vw, 288px\" \/><br \/>Cette d\u00e9tresse plus ou moins marqu\u00e9e a <strong>besoin d\u2019un temps pour \u00eatre int\u00e9gr\u00e9e, assimil\u00e9e, dig\u00e9r\u00e9e<\/strong>.<\/p>\n<p>Elle ne provoquera pas forc\u00e9ment un besoin de prise en charge th\u00e9rapeutique.<br \/>C\u2019est le <span style=\"color: #0000ff;\">ph\u00e9nom\u00e8ne de r\u00e9silience<\/span>. Un peu comme un gros h\u00e9matome qui peut se r\u00e9sorber seul.<br \/>Mais parfois, <strong>une aide, un soutien psychologique facilite ce processus pour une am\u00e9lioration plus profonde<\/strong>.<br \/><span style=\"color: #3366ff;\"><strong>Une prise en charge est indispensable quand la situation perdure et cr\u00e9e une souffrance plus s\u00e9v\u00e8re, handicapante.<\/strong><\/span><\/p>\n<p><span style=\"color: #0000ff;\"><strong>&#8211; Les troubles psychiatriques de dur\u00e9e variable :<\/strong><\/span><\/p>\n<p>Si le terme \u00ab psychiatrique \u00bb est assez angoissant, il faut simplement se souvenir qu\u2019il s\u2019agit d\u2019une <strong>branche de la m\u00e9decine<\/strong>, comme on parle de dermatologie ou gyn\u00e9cologie.<br \/>D\u2019ailleurs l<em>e mot \u00ab psychiatrie \u00bb trouve son origine dans les mots grecs \u00ab psych\u00e9 \u00bb pour \u00ab l\u2019\u00e2me \/ souffle de vie \u00bb et \u00ab iatros \u00bb pour \u00ab m\u00e9decin \u00bb<\/em>.<br \/>Il ne s\u2019agit pas, comme je l\u2019ai beaucoup entendu dans mes d\u00e9buts de carri\u00e8re de \u00ab m\u00e9decine pour les fous \u00bb.<\/p>\n<p>Ici, on se r\u00e9f\u00e8re donc \u00e0 des <strong>classifications diagnostiques<\/strong> renvoyant \u00e0 des <strong>crit\u00e8res<\/strong>, \u00e0 des<strong> actions th\u00e9rapeutiques cibl\u00e9es<\/strong>, et qui rel\u00e8vent d\u2019une <strong><span style=\"color: #3366ff;\">prise en charge m\u00e9dicale bien sp\u00e9cifique \u00e0 chaque trouble psychiatrique.<\/span><\/strong><\/p>\n<p><img loading=\"lazy\" class=\"size-medium wp-image-448 alignleft\" src=\"https:\/\/www.parlons-psychologie.com\/wp-content\/uploads\/2024\/01\/Parlons-sante-mentale-2-300x167.png\" alt=\"\" width=\"300\" height=\"167\" srcset=\"https:\/\/www.parlons-psychologie.com\/wp-content\/uploads\/2024\/01\/Parlons-sante-mentale-2-300x167.png 300w, https:\/\/www.parlons-psychologie.com\/wp-content\/uploads\/2024\/01\/Parlons-sante-mentale-2-1024x569.png 1024w, https:\/\/www.parlons-psychologie.com\/wp-content\/uploads\/2024\/01\/Parlons-sante-mentale-2-768x427.png 768w, https:\/\/www.parlons-psychologie.com\/wp-content\/uploads\/2024\/01\/Parlons-sante-mentale-2.png 1125w\" sizes=\"(max-width: 300px) 100vw, 300px\" \/>Depuis le COVID et les cons\u00e9quences des diff\u00e9rents confinements mais aussi gr\u00e2ce \u00e0 des prises de conscience majeures des populations, <strong><span style=\"color: #3366ff;\">la sant\u00e9 mentale est devenue un facteur prioritaire au m\u00eame titre que la sant\u00e9 physique.<\/span><\/strong><br \/>Prendre en charge la sant\u00e9 mentale revient \u00e0 accro\u00eetre la sant\u00e9 des personnes a aussi un impact \u00e9conomique.<\/p>\n<p>Les <strong>troubles mentaux<\/strong> pr\u00e9sentent un tr\u00e8s large spectre, <span style=\"color: #3366ff;\"><strong>allant des troubles l\u00e9gers et ponctuels \u00e0 des troubles s\u00e9v\u00e8res, chroniques et invalidants<\/strong><\/span>.<br \/>Les <strong>troubles mentaux repr\u00e9sentent l\u2019un des principaux fardeaux en mati\u00e8re d\u2019ann\u00e9es de vie perdues en bonne sant\u00e9<\/strong>.<\/p>\n<p>En France, les \u00ab maladies psychiatriques \u00bb associ\u00e9es \u00e0 l\u2019ensemble des \u00ab traitements chroniques par psychotropes \u00bb (dont les anxiolytiques et hypnotiques) repr\u00e9sentent <strong>14 % des d\u00e9penses totales et le premier poste de d\u00e9pense de l\u2019Assurance Maladie<\/strong>. Ils repr\u00e9sentent la premi\u00e8re cause d\u2019ann\u00e9es v\u00e9cues avec une invalidit\u00e9. Ils sont responsables de 35 \u00e0 45 % de l\u2019absent\u00e9isme au travail.<\/p>\n<p>Ainsi, on peut trouver des <a href=\"https:\/\/www.mutualite.fr\/actualites\/les-10-chiffres-cles-de-lobservatoire-2021-sur-la-sante-mentale\/\"><span style=\"color: #3366ff;\"><strong>observatoires<\/strong><\/span><\/a>, des <a href=\"https:\/\/www.santepubliquefrance.fr\/recherche\/#search=Sant%C3%A9%20mentale%20%20Point%20mensuel&amp;publications=donn%C3%A9es&amp;regions=National\"><strong><span style=\"color: #3366ff;\">donn\u00e9es r\u00e9guli\u00e8res sur la sant\u00e9 mentale<\/span><\/strong><\/a>.<br \/>Il y a m\u00eame une <a href=\"https:\/\/my.unicef.fr\/article\/journee-mondiale-de-la-sante-mentale\/\"><strong><span style=\"color: #3366ff;\">journ\u00e9e mondiale de la sant\u00e9 mentale<\/span><\/strong><\/a>.<br \/>Sont concern\u00e9s surtout, <a href=\"https:\/\/www.santepubliquefrance.fr\/etudes-et-enquetes\/confeado-une-etude-destinee-aux-enfants-sur-le-vecu-du-confinement-lie-a-l-epidemie-de-covid-19\">les jeunes<\/a>, <a href=\"https:\/\/www.santepubliquefrance.fr\/etudes-et-enquetes\/covimater-comportements-et-sante-mentale-des-femmes-enceintes-au-premier-confinement-de-l-epidemie-de-covid-19\">les futures m\u00e8res<\/a> et les <a href=\"https:\/\/www.santepubliquefrance.fr\/maladies-et-traumatismes\/maladies-liees-au-travail\/maladies-a-caractere-professionnel\">travailleurs\/travailleuses<\/a> avec les diff\u00e9rentes probl\u00e9matiques de la souffrance au travail.<\/p>\n<p><span style=\"color: #800080;\"><strong>A retenir:<\/strong><\/span><\/p>\n<p style=\"padding-left: 80px;\"><span style=\"color: #800080;\">La sant\u00e9 mentale repr\u00e9sente bien plus que l\u2019absence de troubles mentaux.<\/span><br \/><span style=\"color: #800080;\">La sant\u00e9 mentale fait partie int\u00e9grante de la sant\u00e9 : il n\u2019y a pas de sant\u00e9 sans sant\u00e9 mentale.<\/span><br \/><span style=\"color: #800080;\">La sant\u00e9 mentale est d\u00e9termin\u00e9e par de nombreux facteurs : socio-\u00e9conomiques, biologiques et environnementaux, dont l\u2019environnement de travail. Les conditions de travail sont en effet un d\u00e9terminant important de la sant\u00e9 mentale.<\/span><br \/><span style=\"color: #800080;\">La d\u00e9pression est l\u2019une des principales causes d\u2019incapacit\u00e9.<\/span><br \/><span style=\"color: #800080;\">Environ la moiti\u00e9 des troubles mentaux se manifestent avant l\u2019\u00e2ge de 14 ans.<\/span><br \/><span style=\"color: #800080;\">Il existe des strat\u00e9gies et des interventions intersectorielles d\u2019un bon rapport co\u00fbt\/efficacit\u00e9 pour promouvoir, prot\u00e9ger et recouvrer la sant\u00e9 mentale.<\/span><\/p>\n<p>Aussi, j\u2019aborderai ici des <strong>th\u00e8mes pr\u00e9cis comme<\/strong><\/p>\n<p><a href=\"https:\/\/www.parlons-psychologie.com\/accueil\/la-depression\/\">La d\u00e9pression<\/a><br \/><a href=\"https:\/\/www.parlons-psychologie.com\/accueil\/sante-mentale-et-anxiete\/\">L\u2019anxi\u00e9t\u00e9<\/a><br \/><a href=\"https:\/\/www.parlons-psychologie.com\/accueil\/troubles-du-comportement-alimentaire-tca\/\">Les TCA ou troubles du comportement alimentaire<\/a><br \/>Les troubles psychotiques<br \/>Le suicide<br \/><a href=\"https:\/\/www.parlons-psychologie.com\/accueil\/le-burn-out-2\/\">La souffrance au travail et le burn-out<\/a><br \/><a href=\"https:\/\/www.parlons-psychologie.com\/accueil\/emdr-et-traumatismes\/\">Les traumatismes<\/a> et ses cons\u00e9quences\u2026<\/p>\n\n\n<p><\/p>\n","protected":false},"excerpt":{"rendered":"<p>Je pensais, en cr\u00e9ant ce site Internet que le terme de \u00ab psychologie \u00bb englobait suffisamment d\u2019\u00e9l\u00e9ments pour y int\u00e9grer tous les sujets individuels ou de soci\u00e9t\u00e9 importants.Mais les \u00e9volutions actuelles invitent \u00e0 distinguer la sant\u00e9 mentale de la psychologie.Et, au regard des situations personnelles douloureuses qui se partagent, il \u00e9tait temps pour moi aussi&hellip;<\/p>\n","protected":false},"author":2,"featured_media":0,"parent":0,"menu_order":0,"comment_status":"closed","ping_status":"closed","template":"","meta":[],"yoast_head":"<!-- This site is optimized with the Yoast SEO plugin v15.5 - https:\/\/yoast.com\/wordpress\/plugins\/seo\/ -->\n<title>Parlons sant\u00e9 mentale - Parlons Psychologie<\/title>\n<meta name=\"description\" content=\"Sant\u00e9 mentale, bien-\u00eatre, \u00e9panouissement et sant\u00e9 tout court: quand la psychologie parle enfin de la sant\u00e9 mentale\" \/>\n<meta name=\"robots\" content=\"index, follow, max-snippet:-1, max-image-preview:large, max-video-preview:-1\" \/>\n<link rel=\"canonical\" href=\"https:\/\/www.parlons-psychologie.com\/accueil\/parlons-sante-mentale\/\" \/>\n<meta property=\"og:locale\" content=\"fr_FR\" \/>\n<meta property=\"og:type\" content=\"article\" \/>\n<meta property=\"og:title\" content=\"Parlons sant\u00e9 mentale - Parlons Psychologie\" \/>\n<meta property=\"og:description\" content=\"Sant\u00e9 mentale, bien-\u00eatre, \u00e9panouissement et sant\u00e9 tout court: quand la psychologie parle enfin de la sant\u00e9 mentale\" \/>\n<meta property=\"og:url\" content=\"https:\/\/www.parlons-psychologie.com\/accueil\/parlons-sante-mentale\/\" \/>\n<meta property=\"og:site_name\" content=\"Parlons Psychologie\" \/>\n<meta property=\"article:publisher\" content=\"https:\/\/www.facebook.com\/psychologueVLafarge\/about\" \/>\n<meta property=\"article:modified_time\" content=\"2024-04-20T18:54:32+00:00\" \/>\n<meta property=\"og:image\" content=\"https:\/\/www.parlons-psychologie.com\/wp-content\/uploads\/2024\/01\/Parlons-sante-mentale-1-300x225.jpeg\" \/>\n<meta name=\"twitter:card\" content=\"summary_large_image\" \/>\n<meta name=\"twitter:label1\" content=\"Dur\u00e9e de lecture est.\">\n\t<meta name=\"twitter:data1\" content=\"3 minutes\">\n<script type=\"application\/ld+json\" class=\"yoast-schema-graph\">{\"@context\":\"https:\/\/schema.org\",\"@graph\":[{\"@type\":[\"Person\",\"Organization\"],\"@id\":\"https:\/\/www.parlons-psychologie.com\/accueil\/#\/schema\/person\/1a89ea561921bc639ab65207edc63fb6\",\"name\":\"Virginie Lafarge\",\"logo\":{\"@id\":\"https:\/\/www.parlons-psychologie.com\/accueil\/#personlogo\"},\"sameAs\":[\"https:\/\/www.parlons-psychologie.com\",\"https:\/\/www.facebook.com\/psychologueVLafarge\/about\",\"parlons.psychologie\",\"https:\/\/www.linkedin.com\/in\/virginie-lafarge-41362049\/\"]},{\"@type\":\"WebSite\",\"@id\":\"https:\/\/www.parlons-psychologie.com\/accueil\/#website\",\"url\":\"https:\/\/www.parlons-psychologie.com\/accueil\/\",\"name\":\"Parlons Psychologie\",\"description\":\"Virginie Lafarge - Psychologue\",\"publisher\":{\"@id\":\"https:\/\/www.parlons-psychologie.com\/accueil\/#\/schema\/person\/1a89ea561921bc639ab65207edc63fb6\"},\"potentialAction\":[{\"@type\":\"SearchAction\",\"target\":\"https:\/\/www.parlons-psychologie.com\/accueil\/?s={search_term_string}\",\"query-input\":\"required name=search_term_string\"}],\"inLanguage\":\"fr-FR\"},{\"@type\":\"ImageObject\",\"@id\":\"https:\/\/www.parlons-psychologie.com\/accueil\/parlons-sante-mentale\/#primaryimage\",\"inLanguage\":\"fr-FR\",\"url\":\"https:\/\/www.parlons-psychologie.com\/wp-content\/uploads\/2024\/01\/Parlons-sante-mentale-1.jpeg\",\"width\":728,\"height\":546},{\"@type\":\"WebPage\",\"@id\":\"https:\/\/www.parlons-psychologie.com\/accueil\/parlons-sante-mentale\/#webpage\",\"url\":\"https:\/\/www.parlons-psychologie.com\/accueil\/parlons-sante-mentale\/\",\"name\":\"Parlons sant\\u00e9 mentale - Parlons Psychologie\",\"isPartOf\":{\"@id\":\"https:\/\/www.parlons-psychologie.com\/accueil\/#website\"},\"primaryImageOfPage\":{\"@id\":\"https:\/\/www.parlons-psychologie.com\/accueil\/parlons-sante-mentale\/#primaryimage\"},\"datePublished\":\"2024-01-08T16:11:40+00:00\",\"dateModified\":\"2024-04-20T18:54:32+00:00\",\"description\":\"Sant\\u00e9 mentale, bien-\\u00eatre, \\u00e9panouissement et sant\\u00e9 tout court: quand la psychologie parle enfin de la sant\\u00e9 mentale\",\"inLanguage\":\"fr-FR\",\"potentialAction\":[{\"@type\":\"ReadAction\",\"target\":[\"https:\/\/www.parlons-psychologie.com\/accueil\/parlons-sante-mentale\/\"]}]}]}<\/script>\n<!-- \/ Yoast SEO plugin. -->","_links":{"self":[{"href":"https:\/\/www.parlons-psychologie.com\/accueil\/wp-json\/wp\/v2\/pages\/446"}],"collection":[{"href":"https:\/\/www.parlons-psychologie.com\/accueil\/wp-json\/wp\/v2\/pages"}],"about":[{"href":"https:\/\/www.parlons-psychologie.com\/accueil\/wp-json\/wp\/v2\/types\/page"}],"author":[{"embeddable":true,"href":"https:\/\/www.parlons-psychologie.com\/accueil\/wp-json\/wp\/v2\/users\/2"}],"replies":[{"embeddable":true,"href":"https:\/\/www.parlons-psychologie.com\/accueil\/wp-json\/wp\/v2\/comments?post=446"}],"version-history":[{"count":6,"href":"https:\/\/www.parlons-psychologie.com\/accueil\/wp-json\/wp\/v2\/pages\/446\/revisions"}],"predecessor-version":[{"id":493,"href":"https:\/\/www.parlons-psychologie.com\/accueil\/wp-json\/wp\/v2\/pages\/446\/revisions\/493"}],"wp:attachment":[{"href":"https:\/\/www.parlons-psychologie.com\/accueil\/wp-json\/wp\/v2\/media?parent=446"}],"curies":[{"name":"wp","href":"https:\/\/api.w.org\/{rel}","templated":true}]}}